{"id":1091,"date":"2018-03-18T03:29:58","date_gmt":"2018-03-18T02:29:58","guid":{"rendered":"http:\/\/prim4t.art\/SHOPZ\/produkt\/bambuskohle-zahn-pulver-zahnaufhellung-zahnpasta-plaque-zahnstein-entfernen-flecken-mundhygiene-zahn-weisses-pulver\/"},"modified":"2018-03-18T05:31:11","modified_gmt":"2018-03-18T04:31:11","slug":"bambuskohle-zahn-pulver","status":"publish","type":"product","link":"https:\/\/prim4t.art\/SHOPZ\/produkt\/bambuskohle-zahn-pulver\/","title":{"rendered":"Bambuskohlepulver f\u00fcr Zahnaufhellung"},"content":{"rendered":"<div class=\"description\" itemprop=\"description\">\n<div class=\"description-content\">\n<p><span style=\"color: #000000;\"><strong>Bambuskohlepulver<\/strong> ist ein natu\u0308rlicher und veganer Zahnaufheller, der die Za\u0308hne wieder im natu\u0308rlichen Wei\u00df erstrahlen la\u0308sst.<\/span><br \/>\n<span style=\"color: #000000;\">Durch den Genuss von Kaffee, Tee, Rotwein oder Tabak entstehen ha\u0308ufig unscho\u0308ne Verfa\u0308rbungen und Ablagerungen auf der Zahnoberfla\u0308che, die unserem La\u0308cheln einen Gelbstich verleihen. Die schwarze Aktivkohle absorbiert diese Verfa\u0308rbungen und Ablagerungen und sorgt fu\u0308r eine deutliche Aufhellung der Za\u0308hne. Beim Putzen entgiftet Bambuskohlepulver den Mundraum, poliert den Zahnschmelz auf sanfte Weise und sorgt fu\u0308r ein tiefenreines Gefu\u0308hl.<\/span><\/p>\n<p><span style=\"color: #000000;\"><strong>Gebarauchstipp<\/strong> : Vermischen sie das Pulver mit Kokosnuss\u00f6l um es als Zahnpaste zu verwenden. Sie k\u00f6nnen au\u00dferdem weitere Zutaten zuf\u00fcgen, wie z.B. <\/span><\/p>\n<ul>\n<li><strong><span style=\"color: #000000;\">Natron<\/span><\/strong><\/li>\n<li><strong><span style=\"color: #000000;\">Kurkuma<\/span><\/strong><\/li>\n<li><strong><span style=\"color: #000000;\">Bentonit\u00a0<\/span><\/strong><\/li>\n<li><strong><span style=\"color: #000000;\">R\u00fcgener Heilkreide<\/span><\/strong><\/li>\n<\/ul>\n<p><span style=\"color: #000000;\">um es ihren pes\u00f6nlichen Geschmack anzupassen und somit Ihr <strong>ganz pers\u00f6nliche Zahnpasta<\/strong> zu kreieren.<\/span><\/p>\n<\/div>\n<\/div>\n<p>&nbsp;<\/p>\n","protected":false},"excerpt":{"rendered":"<ul>\n<li><strong>100% nat\u00fcrlich &amp; vegan<\/strong><\/li>\n<li><strong>nicht an Tieren getestet<\/strong><\/li>\n<li><strong>entfernt Ablagerungen &amp; hellt damit die Z\u00e4hne sanft auf<\/strong><\/li>\n<li><strong>ohne Fluoride &amp; frei von chemischen Bleichstoffen<\/strong><\/li>\n<li><strong>greift den Zahnschmelz nicht an<\/strong><\/li>\n<li><strong>schmerzfrei &#8211; ideal auch f\u00fcr empfindliche Z\u00e4hne<\/strong><\/li>\n<li><strong>geschmacksneutral<\/strong><\/li>\n<li><strong>ungef\u00e4hrlich bei Verschlucken<\/strong><\/li>\n<li><strong>reicht f\u00fcr ca. 150 Anwendungen<\/strong><\/li>\n<\/ul>\n","protected":false},"featured_media":1110,"template":"","meta":{"jetpack_post_was_ever_published":false,"jetpack_publicize_message":"","jetpack_publicize_feature_enabled":true,"jetpack_social_post_already_shared":true,"jetpack_social_options":{"image_generator_settings":{"template":"highway","default_image_id":0,"font":"","enabled":false},"version":2}},"product_brand":[],"product_cat":[17,34],"product_tag":[],"class_list":{"0":"post-1091","1":"product","2":"type-product","3":"status-publish","4":"has-post-thumbnail","6":"product_cat-unkategorisiert","7":"product_cat-zahnpflege","9":"first","10":"instock","11":"sale","12":"taxable","13":"shipping-taxable","14":"purchasable","15":"product-type-simple"},"yoast_head":"<!-- This site is optimized with the Yoast SEO plugin v27.3 - https:\/\/yoast.com\/product\/yoast-seo-wordpress\/ -->\n<title>Bambuskohle-Zahn-Pulver<\/title>\n<meta name=\"robots\" content=\"index, follow, max-snippet:-1, max-image-preview:large, max-video-preview:-1\" \/>\n<link rel=\"canonical\" href=\"https:\/\/prim4t.art\/SHOPZ\/produkt\/bambuskohle-zahn-pulver\/\" \/>\n<meta property=\"og:locale\" content=\"de_DE\" \/>\n<meta property=\"og:type\" content=\"article\" \/>\n<meta property=\"og:title\" content=\"Bambuskohle-Zahn-Pulver\" \/>\n<meta property=\"og:description\" content=\"100% nat\u00fcrlich &amp; vegan  nicht an Tieren getestet  entfernt Ablagerungen &amp; hellt damit die Z\u00e4hne sanft auf  ohne Fluoride &amp; frei von chemischen Bleichstoffen  greift den Zahnschmelz nicht an  schmerzfrei - ideal auch f\u00fcr empfindliche Z\u00e4hne  geschmacksneutral  ungef\u00e4hrlich bei Verschlucken  reicht f\u00fcr ca. 150 Anwendungen\" \/>\n<meta property=\"og:url\" content=\"https:\/\/prim4t.art\/SHOPZ\/produkt\/bambuskohle-zahn-pulver\/\" \/>\n<meta property=\"og:site_name\" content=\"NATUERLICHE-ZAHNPFLEGE.STORE\" \/>\n<meta property=\"article:modified_time\" content=\"2018-03-18T04:31:11+00:00\" \/>\n<meta property=\"og:image\" content=\"https:\/\/i1.wp.com\/prim4t.art\/SHOPZ\/wp-content\/uploads\/2018\/03\/Organic-Teeth-Whitening-Activated-Coconut-Charcoal-Powder.jpg?fit=1000%2C1000&ssl=1\" \/>\n\t<meta property=\"og:image:width\" content=\"1000\" \/>\n\t<meta property=\"og:image:height\" content=\"1000\" \/>\n\t<meta property=\"og:image:type\" content=\"image\/jpeg\" \/>\n<meta name=\"twitter:card\" content=\"summary_large_image\" \/>\n<meta name=\"twitter:site\" content=\"@prim4t\" \/>\n<meta name=\"twitter:label1\" content=\"Gesch\u00e4tzte Lesezeit\" \/>\n\t<meta name=\"twitter:data1\" content=\"1\u00a0Minute\" \/>\n<script type=\"application\/ld+json\" class=\"yoast-schema-graph\">{\"@context\":\"https:\\\/\\\/schema.org\",\"@graph\":[{\"@type\":\"WebPage\",\"@id\":\"https:\\\/\\\/prim4t.art\\\/SHOPZ\\\/produkt\\\/bambuskohle-zahn-pulver\\\/\",\"url\":\"https:\\\/\\\/prim4t.art\\\/SHOPZ\\\/produkt\\\/bambuskohle-zahn-pulver\\\/\",\"name\":\"Bambuskohle-Zahn-Pulver\",\"isPartOf\":{\"@id\":\"https:\\\/\\\/prim4t.art\\\/SHOPZ\\\/#website\"},\"primaryImageOfPage\":{\"@id\":\"https:\\\/\\\/prim4t.art\\\/SHOPZ\\\/produkt\\\/bambuskohle-zahn-pulver\\\/#primaryimage\"},\"image\":{\"@id\":\"https:\\\/\\\/prim4t.art\\\/SHOPZ\\\/produkt\\\/bambuskohle-zahn-pulver\\\/#primaryimage\"},\"thumbnailUrl\":\"https:\\\/\\\/i0.wp.com\\\/prim4t.art\\\/SHOPZ\\\/wp-content\\\/uploads\\\/2018\\\/03\\\/Organic-Teeth-Whitening-Activated-Coconut-Charcoal-Powder.jpg?fit=1000%2C1000&ssl=1\",\"datePublished\":\"2018-03-18T02:29:58+00:00\",\"dateModified\":\"2018-03-18T04:31:11+00:00\",\"breadcrumb\":{\"@id\":\"https:\\\/\\\/prim4t.art\\\/SHOPZ\\\/produkt\\\/bambuskohle-zahn-pulver\\\/#breadcrumb\"},\"inLanguage\":\"de\",\"potentialAction\":[{\"@type\":\"ReadAction\",\"target\":[\"https:\\\/\\\/prim4t.art\\\/SHOPZ\\\/produkt\\\/bambuskohle-zahn-pulver\\\/\"]}]},{\"@type\":\"ImageObject\",\"inLanguage\":\"de\",\"@id\":\"https:\\\/\\\/prim4t.art\\\/SHOPZ\\\/produkt\\\/bambuskohle-zahn-pulver\\\/#primaryimage\",\"url\":\"https:\\\/\\\/i0.wp.com\\\/prim4t.art\\\/SHOPZ\\\/wp-content\\\/uploads\\\/2018\\\/03\\\/Organic-Teeth-Whitening-Activated-Coconut-Charcoal-Powder.jpg?fit=1000%2C1000&ssl=1\",\"contentUrl\":\"https:\\\/\\\/i0.wp.com\\\/prim4t.art\\\/SHOPZ\\\/wp-content\\\/uploads\\\/2018\\\/03\\\/Organic-Teeth-Whitening-Activated-Coconut-Charcoal-Powder.jpg?fit=1000%2C1000&ssl=1\",\"width\":1000,\"height\":1000},{\"@type\":\"BreadcrumbList\",\"@id\":\"https:\\\/\\\/prim4t.art\\\/SHOPZ\\\/produkt\\\/bambuskohle-zahn-pulver\\\/#breadcrumb\",\"itemListElement\":[{\"@type\":\"ListItem\",\"position\":1,\"name\":\"Home\",\"item\":\"https:\\\/\\\/prim4t.art\\\/SHOPZ\\\/\"},{\"@type\":\"ListItem\",\"position\":2,\"name\":\"Shop\",\"item\":\"https:\\\/\\\/prim4t.art\\\/SHOPZ\\\/shop\\\/\"},{\"@type\":\"ListItem\",\"position\":3,\"name\":\"Bambuskohlepulver f\u00fcr Zahnaufhellung\"}]},{\"@type\":\"WebSite\",\"@id\":\"https:\\\/\\\/prim4t.art\\\/SHOPZ\\\/#website\",\"url\":\"https:\\\/\\\/prim4t.art\\\/SHOPZ\\\/\",\"name\":\"NATUERLICHE-ZAHNPFLEGE.STORE\",\"description\":\"Lets make something beautiful!\",\"publisher\":{\"@id\":\"https:\\\/\\\/prim4t.art\\\/SHOPZ\\\/#organization\"},\"potentialAction\":[{\"@type\":\"SearchAction\",\"target\":{\"@type\":\"EntryPoint\",\"urlTemplate\":\"https:\\\/\\\/prim4t.art\\\/SHOPZ\\\/?s={search_term_string}\"},\"query-input\":{\"@type\":\"PropertyValueSpecification\",\"valueRequired\":true,\"valueName\":\"search_term_string\"}}],\"inLanguage\":\"de\"},{\"@type\":\"Organization\",\"@id\":\"https:\\\/\\\/prim4t.art\\\/SHOPZ\\\/#organization\",\"name\":\"PRIM4T\",\"url\":\"https:\\\/\\\/prim4t.art\\\/SHOPZ\\\/\",\"logo\":{\"@type\":\"ImageObject\",\"inLanguage\":\"de\",\"@id\":\"https:\\\/\\\/prim4t.art\\\/SHOPZ\\\/#\\\/schema\\\/logo\\\/image\\\/\",\"url\":\"https:\\\/\\\/i2.wp.com\\\/prim4t.art\\\/SHOPZ\\\/wp-content\\\/uploads\\\/2017\\\/08\\\/logo.png?fit=567%2C567&ssl=1\",\"contentUrl\":\"https:\\\/\\\/i2.wp.com\\\/prim4t.art\\\/SHOPZ\\\/wp-content\\\/uploads\\\/2017\\\/08\\\/logo.png?fit=567%2C567&ssl=1\",\"width\":567,\"height\":567,\"caption\":\"PRIM4T\"},\"image\":{\"@id\":\"https:\\\/\\\/prim4t.art\\\/SHOPZ\\\/#\\\/schema\\\/logo\\\/image\\\/\"},\"sameAs\":[\"https:\\\/\\\/x.com\\\/prim4t\",\"https:\\\/\\\/www.instagram.com\\\/prim4t\\\/\"]}]}<\/script>\n<!-- \/ Yoast SEO plugin. -->","yoast_head_json":{"title":"Bambuskohle-Zahn-Pulver","robots":{"index":"index","follow":"follow","max-snippet":"max-snippet:-1","max-image-preview":"max-image-preview:large","max-video-preview":"max-video-preview:-1"},"canonical":"https:\/\/prim4t.art\/SHOPZ\/produkt\/bambuskohle-zahn-pulver\/","og_locale":"de_DE","og_type":"article","og_title":"Bambuskohle-Zahn-Pulver","og_description":"100% nat\u00fcrlich &amp; vegan  nicht an Tieren getestet  entfernt Ablagerungen &amp; hellt damit die Z\u00e4hne sanft auf  ohne Fluoride &amp; frei von chemischen Bleichstoffen  greift den Zahnschmelz nicht an  schmerzfrei - ideal auch f\u00fcr empfindliche Z\u00e4hne  geschmacksneutral  ungef\u00e4hrlich bei Verschlucken  reicht f\u00fcr ca. 150 Anwendungen","og_url":"https:\/\/prim4t.art\/SHOPZ\/produkt\/bambuskohle-zahn-pulver\/","og_site_name":"NATUERLICHE-ZAHNPFLEGE.STORE","article_modified_time":"2018-03-18T04:31:11+00:00","og_image":[{"width":1000,"height":1000,"url":"https:\/\/i1.wp.com\/prim4t.art\/SHOPZ\/wp-content\/uploads\/2018\/03\/Organic-Teeth-Whitening-Activated-Coconut-Charcoal-Powder.jpg?fit=1000%2C1000&ssl=1","type":"image\/jpeg"}],"twitter_card":"summary_large_image","twitter_site":"@prim4t","twitter_misc":{"Gesch\u00e4tzte Lesezeit":"1\u00a0Minute"},"schema":{"@context":"https:\/\/schema.org","@graph":[{"@type":"WebPage","@id":"https:\/\/prim4t.art\/SHOPZ\/produkt\/bambuskohle-zahn-pulver\/","url":"https:\/\/prim4t.art\/SHOPZ\/produkt\/bambuskohle-zahn-pulver\/","name":"Bambuskohle-Zahn-Pulver","isPartOf":{"@id":"https:\/\/prim4t.art\/SHOPZ\/#website"},"primaryImageOfPage":{"@id":"https:\/\/prim4t.art\/SHOPZ\/produkt\/bambuskohle-zahn-pulver\/#primaryimage"},"image":{"@id":"https:\/\/prim4t.art\/SHOPZ\/produkt\/bambuskohle-zahn-pulver\/#primaryimage"},"thumbnailUrl":"https:\/\/i0.wp.com\/prim4t.art\/SHOPZ\/wp-content\/uploads\/2018\/03\/Organic-Teeth-Whitening-Activated-Coconut-Charcoal-Powder.jpg?fit=1000%2C1000&ssl=1","datePublished":"2018-03-18T02:29:58+00:00","dateModified":"2018-03-18T04:31:11+00:00","breadcrumb":{"@id":"https:\/\/prim4t.art\/SHOPZ\/produkt\/bambuskohle-zahn-pulver\/#breadcrumb"},"inLanguage":"de","potentialAction":[{"@type":"ReadAction","target":["https:\/\/prim4t.art\/SHOPZ\/produkt\/bambuskohle-zahn-pulver\/"]}]},{"@type":"ImageObject","inLanguage":"de","@id":"https:\/\/prim4t.art\/SHOPZ\/produkt\/bambuskohle-zahn-pulver\/#primaryimage","url":"https:\/\/i0.wp.com\/prim4t.art\/SHOPZ\/wp-content\/uploads\/2018\/03\/Organic-Teeth-Whitening-Activated-Coconut-Charcoal-Powder.jpg?fit=1000%2C1000&ssl=1","contentUrl":"https:\/\/i0.wp.com\/prim4t.art\/SHOPZ\/wp-content\/uploads\/2018\/03\/Organic-Teeth-Whitening-Activated-Coconut-Charcoal-Powder.jpg?fit=1000%2C1000&ssl=1","width":1000,"height":1000},{"@type":"BreadcrumbList","@id":"https:\/\/prim4t.art\/SHOPZ\/produkt\/bambuskohle-zahn-pulver\/#breadcrumb","itemListElement":[{"@type":"ListItem","position":1,"name":"Home","item":"https:\/\/prim4t.art\/SHOPZ\/"},{"@type":"ListItem","position":2,"name":"Shop","item":"https:\/\/prim4t.art\/SHOPZ\/shop\/"},{"@type":"ListItem","position":3,"name":"Bambuskohlepulver f\u00fcr Zahnaufhellung"}]},{"@type":"WebSite","@id":"https:\/\/prim4t.art\/SHOPZ\/#website","url":"https:\/\/prim4t.art\/SHOPZ\/","name":"NATUERLICHE-ZAHNPFLEGE.STORE","description":"Lets make something beautiful!","publisher":{"@id":"https:\/\/prim4t.art\/SHOPZ\/#organization"},"potentialAction":[{"@type":"SearchAction","target":{"@type":"EntryPoint","urlTemplate":"https:\/\/prim4t.art\/SHOPZ\/?s={search_term_string}"},"query-input":{"@type":"PropertyValueSpecification","valueRequired":true,"valueName":"search_term_string"}}],"inLanguage":"de"},{"@type":"Organization","@id":"https:\/\/prim4t.art\/SHOPZ\/#organization","name":"PRIM4T","url":"https:\/\/prim4t.art\/SHOPZ\/","logo":{"@type":"ImageObject","inLanguage":"de","@id":"https:\/\/prim4t.art\/SHOPZ\/#\/schema\/logo\/image\/","url":"https:\/\/i2.wp.com\/prim4t.art\/SHOPZ\/wp-content\/uploads\/2017\/08\/logo.png?fit=567%2C567&ssl=1","contentUrl":"https:\/\/i2.wp.com\/prim4t.art\/SHOPZ\/wp-content\/uploads\/2017\/08\/logo.png?fit=567%2C567&ssl=1","width":567,"height":567,"caption":"PRIM4T"},"image":{"@id":"https:\/\/prim4t.art\/SHOPZ\/#\/schema\/logo\/image\/"},"sameAs":["https:\/\/x.com\/prim4t","https:\/\/www.instagram.com\/prim4t\/"]}]}},"jetpack_publicize_connections":[],"jetpack_sharing_enabled":true,"jetpack_likes_enabled":true,"jetpack-related-posts":[],"_links":{"self":[{"href":"https:\/\/prim4t.art\/SHOPZ\/wp-json\/wp\/v2\/product\/1091","targetHints":{"allow":["GET"]}}],"collection":[{"href":"https:\/\/prim4t.art\/SHOPZ\/wp-json\/wp\/v2\/product"}],"about":[{"href":"https:\/\/prim4t.art\/SHOPZ\/wp-json\/wp\/v2\/types\/product"}],"wp:featuredmedia":[{"embeddable":true,"href":"https:\/\/prim4t.art\/SHOPZ\/wp-json\/wp\/v2\/media\/1110"}],"wp:attachment":[{"href":"https:\/\/prim4t.art\/SHOPZ\/wp-json\/wp\/v2\/media?parent=1091"}],"wp:term":[{"taxonomy":"product_brand","embeddable":true,"href":"https:\/\/prim4t.art\/SHOPZ\/wp-json\/wp\/v2\/product_brand?post=1091"},{"taxonomy":"product_cat","embeddable":true,"href":"https:\/\/prim4t.art\/SHOPZ\/wp-json\/wp\/v2\/product_cat?post=1091"},{"taxonomy":"product_tag","embeddable":true,"href":"https:\/\/prim4t.art\/SHOPZ\/wp-json\/wp\/v2\/product_tag?post=1091"}],"curies":[{"name":"wp","href":"https:\/\/api.w.org\/{rel}","templated":true}]}}